{"id":1443,"date":"2024-04-26T11:46:30","date_gmt":"2024-04-26T14:46:30","guid":{"rendered":"https:\/\/ofertas.flakesbrazil.com.br\/?page_id=1443"},"modified":"2024-04-26T12:44:26","modified_gmt":"2024-04-26T15:44:26","slug":"compra-finalizada-com-sucesso","status":"publish","type":"page","link":"https:\/\/ofertas.flakesbrazil.com.br\/index.php\/compra-finalizada-com-sucesso\/","title":{"rendered":"TKS &#8211; Apostila de PUDINS"},"content":{"rendered":"\t\t<div data-elementor-type=\"wp-page\" data-elementor-id=\"1443\" class=\"elementor elementor-1443\" data-elementor-post-type=\"page\">\n\t\t\t\t<div class=\"elementor-element elementor-element-42e28d6 e-flex e-con-boxed e-con e-parent\" data-id=\"42e28d6\" data-element_type=\"container\" data-settings=\"{&quot;background_background&quot;:&quot;gradient&quot;}\">\n\t\t\t\t\t<div class=\"e-con-inner\">\n\t\t<div class=\"elementor-element elementor-element-63fc4ef e-con-full e-flex e-con e-child\" data-id=\"63fc4ef\" data-element_type=\"container\">\n\t\t\t\t<div class=\"elementor-element elementor-element-44f84e2 elementor-widget elementor-widget-image\" data-id=\"44f84e2\" data-element_type=\"widget\" data-widget_type=\"image.default\">\n\t\t\t\t<div class=\"elementor-widget-container\">\n\t\t\t\t\t\t\t\t\t\t\t\t\t\t\t<img fetchpriority=\"high\" decoding=\"async\" width=\"1024\" height=\"220\" src=\"https:\/\/ofertas.flakesbrazil.com.br\/wp-content\/uploads\/2024\/03\/MARCA-ACADEMY-HOR-01-e1694705442319-1024x220-1.png\" class=\"attachment-large size-large wp-image-14\" alt=\"\" srcset=\"https:\/\/ofertas.flakesbrazil.com.br\/wp-content\/uploads\/2024\/03\/MARCA-ACADEMY-HOR-01-e1694705442319-1024x220-1.png 1024w, https:\/\/ofertas.flakesbrazil.com.br\/wp-content\/uploads\/2024\/03\/MARCA-ACADEMY-HOR-01-e1694705442319-1024x220-1-300x64.png 300w, https:\/\/ofertas.flakesbrazil.com.br\/wp-content\/uploads\/2024\/03\/MARCA-ACADEMY-HOR-01-e1694705442319-1024x220-1-768x165.png 768w\" sizes=\"(max-width: 1024px) 100vw, 1024px\" \/>\t\t\t\t\t\t\t\t\t\t\t\t\t\t\t<\/div>\n\t\t\t\t<\/div>\n\t\t\t\t<div class=\"elementor-element elementor-element-cd27116 elementor-widget elementor-widget-heading\" data-id=\"cd27116\" data-element_type=\"widget\" data-widget_type=\"heading.default\">\n\t\t\t\t<div class=\"elementor-widget-container\">\n\t\t\t\t\t<h2 class=\"elementor-heading-title elementor-size-default\">Sua compra foi processada, estamos enviando o conte\u00fado em seu e-mail.<\/h2>\t\t\t\t<\/div>\n\t\t\t\t<\/div>\n\t\t\t\t<div class=\"elementor-element elementor-element-5b57098 elementor-widget elementor-widget-text-editor\" data-id=\"5b57098\" data-element_type=\"widget\" data-widget_type=\"text-editor.default\">\n\t\t\t\t<div class=\"elementor-widget-container\">\n\t\t\t\t\t\t\t\t\t<p>Todo material ser\u00e1 enviado digitalmente no e-mail de cadastro da compra.<br \/><br \/>Caso n\u00e3o receba o material, olhe a caixa de Spam ou Lixeira, tamb\u00e9m aconselhamos que fa\u00e7a uma busca dentro da sua caixa de entrada com o nome da Plataforma <span style=\"text-decoration: underline;\"><strong>Eduzz e\/ou Nutror<\/strong><\/span>, caso tenha d\u00favidas de como acessar nosso conte\u00fado<strong> clique no link abaixo<\/strong> para falar com nosso <span style=\"text-decoration: underline;\"><strong>suporte a alunos.<\/strong><\/span><\/p>\t\t\t\t\t\t\t\t<\/div>\n\t\t\t\t<\/div>\n\t\t\t\t<div class=\"elementor-element elementor-element-4cbffed elementor-align-justify elementor-widget elementor-widget-button\" data-id=\"4cbffed\" data-element_type=\"widget\" data-widget_type=\"button.default\">\n\t\t\t\t<div class=\"elementor-widget-container\">\n\t\t\t\t\t\t\t\t\t<div class=\"elementor-button-wrapper\">\n\t\t\t\t\t<a class=\"elementor-button elementor-button-link elementor-size-sm\" href=\"https:\/\/api.whatsapp.com\/send?phone=556984549537&#038;text=Comprei%20um%20produto%20digital%20da%20Flakes%20e%20preciso%20de%20ajuda.\">\n\t\t\t\t\t\t<span class=\"elementor-button-content-wrapper\">\n\t\t\t\t\t\t<span class=\"elementor-button-icon\">\n\t\t\t\t<svg aria-hidden=\"true\" class=\"e-font-icon-svg e-fab-whatsapp\" viewBox=\"0 0 448 512\" xmlns=\"http:\/\/www.w3.org\/2000\/svg\"><path d=\"M380.9 97.1C339 55.1 283.2 32 223.9 32c-122.4 0-222 99.6-222 222 0 39.1 10.2 77.3 29.6 111L0 480l117.7-30.9c32.4 17.7 68.9 27 106.1 27h.1c122.3 0 224.1-99.6 224.1-222 0-59.3-25.2-115-67.1-157zm-157 341.6c-33.2 0-65.7-8.9-94-25.7l-6.7-4-69.8 18.3L72 359.2l-4.4-7c-18.5-29.4-28.2-63.3-28.2-98.2 0-101.7 82.8-184.5 184.6-184.5 49.3 0 95.6 19.2 130.4 54.1 34.8 34.9 56.2 81.2 56.1 130.5 0 101.8-84.9 184.6-186.6 184.6zm101.2-138.2c-5.5-2.8-32.8-16.2-37.9-18-5.1-1.9-8.8-2.8-12.5 2.8-3.7 5.6-14.3 18-17.6 21.8-3.2 3.7-6.5 4.2-12 1.4-32.6-16.3-54-29.1-75.5-66-5.7-9.8 5.7-9.1 16.3-30.3 1.8-3.7.9-6.9-.5-9.7-1.4-2.8-12.5-30.1-17.1-41.2-4.5-10.8-9.1-9.3-12.5-9.5-3.2-.2-6.9-.2-10.6-.2-3.7 0-9.7 1.4-14.8 6.9-5.1 5.6-19.4 19-19.4 46.3 0 27.3 19.9 53.7 22.6 57.4 2.8 3.7 39.1 59.7 94.8 83.8 35.2 15.2 49 16.5 66.6 13.9 10.7-1.6 32.8-13.4 37.4-26.4 4.6-13 4.6-24.1 3.2-26.4-1.3-2.5-5-3.9-10.5-6.6z\"><\/path><\/svg>\t\t\t<\/span>\n\t\t\t\t\t\t\t\t\t<span class=\"elementor-button-text\">QUERO FALAR COM O SUPORTE <\/span>\n\t\t\t\t\t<\/span>\n\t\t\t\t\t<\/a>\n\t\t\t\t<\/div>\n\t\t\t\t\t\t\t\t<\/div>\n\t\t\t\t<\/div>\n\t\t\t\t<\/div>\n\t\t<div class=\"elementor-element elementor-element-2951f41 e-con-full e-flex e-con e-child\" data-id=\"2951f41\" data-element_type=\"container\">\n\t\t\t\t<div class=\"elementor-element elementor-element-e027004 elementor-widget elementor-widget-image\" data-id=\"e027004\" data-element_type=\"widget\" data-widget_type=\"image.default\">\n\t\t\t\t<div class=\"elementor-widget-container\">\n\t\t\t\t\t\t\t\t\t\t\t\t\t\t\t<img decoding=\"async\" width=\"1024\" height=\"768\" src=\"https:\/\/ofertas.flakesbrazil.com.br\/wp-content\/uploads\/2024\/03\/WhatsApp-Image-2024-03-15-at-20.33.40-1024x768.jpeg\" class=\"attachment-large size-large wp-image-774\" alt=\"\" srcset=\"https:\/\/ofertas.flakesbrazil.com.br\/wp-content\/uploads\/2024\/03\/WhatsApp-Image-2024-03-15-at-20.33.40-1024x768.jpeg 1024w, https:\/\/ofertas.flakesbrazil.com.br\/wp-content\/uploads\/2024\/03\/WhatsApp-Image-2024-03-15-at-20.33.40-300x225.jpeg 300w, https:\/\/ofertas.flakesbrazil.com.br\/wp-content\/uploads\/2024\/03\/WhatsApp-Image-2024-03-15-at-20.33.40-768x576.jpeg 768w, https:\/\/ofertas.flakesbrazil.com.br\/wp-content\/uploads\/2024\/03\/WhatsApp-Image-2024-03-15-at-20.33.40-1536x1152.jpeg 1536w, https:\/\/ofertas.flakesbrazil.com.br\/wp-content\/uploads\/2024\/03\/WhatsApp-Image-2024-03-15-at-20.33.40-2048x1536.jpeg 2048w\" sizes=\"(max-width: 1024px) 100vw, 1024px\" \/>\t\t\t\t\t\t\t\t\t\t\t\t\t\t\t<\/div>\n\t\t\t\t<\/div>\n\t\t\t\t<\/div>\n\t\t\t\t\t<\/div>\n\t\t\t\t<\/div>\n\t\t<div class=\"elementor-element elementor-element-58b63da e-flex e-con-boxed e-con e-parent\" data-id=\"58b63da\" data-element_type=\"container\">\n\t\t\t\t\t<div class=\"e-con-inner\">\n\t\t\t\t<div class=\"elementor-element elementor-element-1d737e2 elementor-widget elementor-widget-heading\" data-id=\"1d737e2\" data-element_type=\"widget\" data-widget_type=\"heading.default\">\n\t\t\t\t<div class=\"elementor-widget-container\">\n\t\t\t\t\t<h2 class=\"elementor-heading-title elementor-size-default\">D\u00favidas Frequentes:<\/h2>\t\t\t\t<\/div>\n\t\t\t\t<\/div>\n\t\t\t\t<div class=\"elementor-element elementor-element-5dc5921 elementor-widget elementor-widget-toggle\" data-id=\"5dc5921\" data-element_type=\"widget\" data-widget_type=\"toggle.default\">\n\t\t\t\t<div class=\"elementor-widget-container\">\n\t\t\t\t\t\t\t<div class=\"elementor-toggle\">\n\t\t\t\t\t\t\t<div class=\"elementor-toggle-item\">\n\t\t\t\t\t<div id=\"elementor-tab-title-9831\" class=\"elementor-tab-title\" data-tab=\"1\" role=\"button\" aria-controls=\"elementor-tab-content-9831\" aria-expanded=\"false\">\n\t\t\t\t\t\t\t\t\t\t\t\t<span class=\"elementor-toggle-icon elementor-toggle-icon-left\" aria-hidden=\"true\">\n\t\t\t\t\t\t\t\t\t\t\t\t\t\t\t<span class=\"elementor-toggle-icon-closed\"><svg class=\"e-font-icon-svg e-fas-caret-right\" viewBox=\"0 0 192 512\" xmlns=\"http:\/\/www.w3.org\/2000\/svg\"><path d=\"M0 384.662V127.338c0-17.818 21.543-26.741 34.142-14.142l128.662 128.662c7.81 7.81 7.81 20.474 0 28.284L34.142 398.804C21.543 411.404 0 402.48 0 384.662z\"><\/path><\/svg><\/span>\n\t\t\t\t\t\t\t\t<span class=\"elementor-toggle-icon-opened\"><svg class=\"elementor-toggle-icon-opened e-font-icon-svg e-fas-caret-up\" viewBox=\"0 0 320 512\" xmlns=\"http:\/\/www.w3.org\/2000\/svg\"><path d=\"M288.662 352H31.338c-17.818 0-26.741-21.543-14.142-34.142l128.662-128.662c7.81-7.81 20.474-7.81 28.284 0l128.662 128.662c12.6 12.599 3.676 34.142-14.142 34.142z\"><\/path><\/svg><\/span>\n\t\t\t\t\t\t\t\t\t\t\t\t\t<\/span>\n\t\t\t\t\t\t\t\t\t\t\t\t<a class=\"elementor-toggle-title\" tabindex=\"0\">Como tiro d\u00favidas do conte\u00fado?<\/a>\n\t\t\t\t\t<\/div>\n\n\t\t\t\t\t<div id=\"elementor-tab-content-9831\" class=\"elementor-tab-content elementor-clearfix\" data-tab=\"1\" role=\"region\" aria-labelledby=\"elementor-tab-title-9831\"><p>Voc\u00ea pode falar pelo Whats App <a href=\"https:\/\/api.whatsapp.com\/send?phone=556984549537&amp;text=Comprei%20um%20produto%20digital%20da%20Flakes%20e%20preciso%20de%20ajuda.\">clicando aqui<\/a><\/p><\/div>\n\t\t\t\t<\/div>\n\t\t\t\t\t\t\t<div class=\"elementor-toggle-item\">\n\t\t\t\t\t<div id=\"elementor-tab-title-9832\" class=\"elementor-tab-title\" data-tab=\"2\" role=\"button\" aria-controls=\"elementor-tab-content-9832\" aria-expanded=\"false\">\n\t\t\t\t\t\t\t\t\t\t\t\t<span class=\"elementor-toggle-icon elementor-toggle-icon-left\" aria-hidden=\"true\">\n\t\t\t\t\t\t\t\t\t\t\t\t\t\t\t<span class=\"elementor-toggle-icon-closed\"><svg class=\"e-font-icon-svg e-fas-caret-right\" viewBox=\"0 0 192 512\" xmlns=\"http:\/\/www.w3.org\/2000\/svg\"><path d=\"M0 384.662V127.338c0-17.818 21.543-26.741 34.142-14.142l128.662 128.662c7.81 7.81 7.81 20.474 0 28.284L34.142 398.804C21.543 411.404 0 402.48 0 384.662z\"><\/path><\/svg><\/span>\n\t\t\t\t\t\t\t\t<span class=\"elementor-toggle-icon-opened\"><svg class=\"elementor-toggle-icon-opened e-font-icon-svg e-fas-caret-up\" viewBox=\"0 0 320 512\" xmlns=\"http:\/\/www.w3.org\/2000\/svg\"><path d=\"M288.662 352H31.338c-17.818 0-26.741-21.543-14.142-34.142l128.662-128.662c7.81-7.81 20.474-7.81 28.284 0l128.662 128.662c12.6 12.599 3.676 34.142-14.142 34.142z\"><\/path><\/svg><\/span>\n\t\t\t\t\t\t\t\t\t\t\t\t\t<\/span>\n\t\t\t\t\t\t\t\t\t\t\t\t<a class=\"elementor-toggle-title\" tabindex=\"0\">Recebo Certificado?<\/a>\n\t\t\t\t\t<\/div>\n\n\t\t\t\t\t<div id=\"elementor-tab-content-9832\" class=\"elementor-tab-content elementor-clearfix\" data-tab=\"2\" role=\"region\" aria-labelledby=\"elementor-tab-title-9832\"><p>Para alguns cursos com v\u00eddeos aulas voc\u00ea tem acesso ao certificado online ap\u00f3s a conclus\u00e3o.<\/p><\/div>\n\t\t\t\t<\/div>\n\t\t\t\t\t\t\t<div class=\"elementor-toggle-item\">\n\t\t\t\t\t<div id=\"elementor-tab-title-9833\" class=\"elementor-tab-title\" data-tab=\"3\" role=\"button\" aria-controls=\"elementor-tab-content-9833\" aria-expanded=\"false\">\n\t\t\t\t\t\t\t\t\t\t\t\t<span class=\"elementor-toggle-icon elementor-toggle-icon-left\" aria-hidden=\"true\">\n\t\t\t\t\t\t\t\t\t\t\t\t\t\t\t<span class=\"elementor-toggle-icon-closed\"><svg class=\"e-font-icon-svg e-fas-caret-right\" viewBox=\"0 0 192 512\" xmlns=\"http:\/\/www.w3.org\/2000\/svg\"><path d=\"M0 384.662V127.338c0-17.818 21.543-26.741 34.142-14.142l128.662 128.662c7.81 7.81 7.81 20.474 0 28.284L34.142 398.804C21.543 411.404 0 402.48 0 384.662z\"><\/path><\/svg><\/span>\n\t\t\t\t\t\t\t\t<span class=\"elementor-toggle-icon-opened\"><svg class=\"elementor-toggle-icon-opened e-font-icon-svg e-fas-caret-up\" viewBox=\"0 0 320 512\" xmlns=\"http:\/\/www.w3.org\/2000\/svg\"><path d=\"M288.662 352H31.338c-17.818 0-26.741-21.543-14.142-34.142l128.662-128.662c7.81-7.81 20.474-7.81 28.284 0l128.662 128.662c12.6 12.599 3.676 34.142-14.142 34.142z\"><\/path><\/svg><\/span>\n\t\t\t\t\t\t\t\t\t\t\t\t\t<\/span>\n\t\t\t\t\t\t\t\t\t\t\t\t<a class=\"elementor-toggle-title\" tabindex=\"0\">N\u00e3o recebi meu Curso e\/ou E-book o que fazer?<\/a>\n\t\t\t\t\t<\/div>\n\n\t\t\t\t\t<div id=\"elementor-tab-content-9833\" class=\"elementor-tab-content elementor-clearfix\" data-tab=\"3\" role=\"region\" aria-labelledby=\"elementor-tab-title-9833\"><p>Basta falar com nosso suporte a alunos para ter o suporte e receber o seu material, <a href=\"https:\/\/api.whatsapp.com\/send?phone=556984549537&amp;text=Comprei%20um%20produto%20digital%20da%20Flakes%20e%20preciso%20de%20ajuda.\">clique aqui para falar pelo Whats App.<\/a><\/p><\/div>\n\t\t\t\t<\/div>\n\t\t\t\t\t\t\t<div class=\"elementor-toggle-item\">\n\t\t\t\t\t<div id=\"elementor-tab-title-9834\" class=\"elementor-tab-title\" data-tab=\"4\" role=\"button\" aria-controls=\"elementor-tab-content-9834\" aria-expanded=\"false\">\n\t\t\t\t\t\t\t\t\t\t\t\t<span class=\"elementor-toggle-icon elementor-toggle-icon-left\" aria-hidden=\"true\">\n\t\t\t\t\t\t\t\t\t\t\t\t\t\t\t<span class=\"elementor-toggle-icon-closed\"><svg class=\"e-font-icon-svg e-fas-caret-right\" viewBox=\"0 0 192 512\" xmlns=\"http:\/\/www.w3.org\/2000\/svg\"><path d=\"M0 384.662V127.338c0-17.818 21.543-26.741 34.142-14.142l128.662 128.662c7.81 7.81 7.81 20.474 0 28.284L34.142 398.804C21.543 411.404 0 402.48 0 384.662z\"><\/path><\/svg><\/span>\n\t\t\t\t\t\t\t\t<span class=\"elementor-toggle-icon-opened\"><svg class=\"elementor-toggle-icon-opened e-font-icon-svg e-fas-caret-up\" viewBox=\"0 0 320 512\" xmlns=\"http:\/\/www.w3.org\/2000\/svg\"><path d=\"M288.662 352H31.338c-17.818 0-26.741-21.543-14.142-34.142l128.662-128.662c7.81-7.81 20.474-7.81 28.284 0l128.662 128.662c12.6 12.599 3.676 34.142-14.142 34.142z\"><\/path><\/svg><\/span>\n\t\t\t\t\t\t\t\t\t\t\t\t\t<\/span>\n\t\t\t\t\t\t\t\t\t\t\t\t<a class=\"elementor-toggle-title\" tabindex=\"0\">Tenho desconto para outros Curso da Flakes?<\/a>\n\t\t\t\t\t<\/div>\n\n\t\t\t\t\t<div id=\"elementor-tab-content-9834\" class=\"elementor-tab-content elementor-clearfix\" data-tab=\"4\" role=\"region\" aria-labelledby=\"elementor-tab-title-9834\"><p>Sim! Conseguimos descontos exclusivos para nossos alunos, <a href=\"https:\/\/api.whatsapp.com\/send?phone=556984549537&amp;text=Comprei%20um%20produto%20digital%20da%20Flakes%20e%20preciso%20de%20ajuda.\">fale com nosso suporte<\/a> e fale que voc\u00ea \u00e9 um aluno e deseja saber quais cursos, treinamentos e e-book tem desconto.<\/p><\/div>\n\t\t\t\t<\/div>\n\t\t\t\t\t\t\t\t<\/div>\n\t\t\t\t\t\t<\/div>\n\t\t\t\t<\/div>\n\t\t\t\t\t<\/div>\n\t\t\t\t<\/div>\n\t\t<div class=\"elementor-element elementor-element-b562360 e-flex e-con-boxed e-con e-parent\" data-id=\"b562360\" data-element_type=\"container\">\n\t\t\t\t\t<div class=\"e-con-inner\">\n\t\t<div class=\"elementor-element elementor-element-21584f4 e-con-full e-flex e-con e-child\" data-id=\"21584f4\" data-element_type=\"container\">\n\t\t\t\t<div class=\"elementor-element elementor-element-cca281d elementor-widget elementor-widget-image\" data-id=\"cca281d\" data-element_type=\"widget\" data-widget_type=\"image.default\">\n\t\t\t\t<div class=\"elementor-widget-container\">\n\t\t\t\t\t\t\t\t\t\t\t\t\t\t\t<img fetchpriority=\"high\" decoding=\"async\" width=\"1024\" height=\"220\" src=\"https:\/\/ofertas.flakesbrazil.com.br\/wp-content\/uploads\/2024\/03\/MARCA-ACADEMY-HOR-01-e1694705442319-1024x220-1.png\" class=\"attachment-large size-large wp-image-14\" alt=\"\" srcset=\"https:\/\/ofertas.flakesbrazil.com.br\/wp-content\/uploads\/2024\/03\/MARCA-ACADEMY-HOR-01-e1694705442319-1024x220-1.png 1024w, https:\/\/ofertas.flakesbrazil.com.br\/wp-content\/uploads\/2024\/03\/MARCA-ACADEMY-HOR-01-e1694705442319-1024x220-1-300x64.png 300w, https:\/\/ofertas.flakesbrazil.com.br\/wp-content\/uploads\/2024\/03\/MARCA-ACADEMY-HOR-01-e1694705442319-1024x220-1-768x165.png 768w\" sizes=\"(max-width: 1024px) 100vw, 1024px\" \/>\t\t\t\t\t\t\t\t\t\t\t\t\t\t\t<\/div>\n\t\t\t\t<\/div>\n\t\t\t\t<\/div>\n\t\t<div class=\"elementor-element elementor-element-349fc14 e-con-full e-flex e-con e-child\" data-id=\"349fc14\" data-element_type=\"container\">\n\t\t\t\t<div class=\"elementor-element elementor-element-862c659 elementor-widget elementor-widget-image\" data-id=\"862c659\" data-element_type=\"widget\" data-widget_type=\"image.default\">\n\t\t\t\t<div class=\"elementor-widget-container\">\n\t\t\t\t\t\t\t\t\t\t\t\t\t\t\t<img decoding=\"async\" width=\"441\" height=\"31\" src=\"https:\/\/ofertas.flakesbrazil.com.br\/wp-content\/uploads\/2024\/03\/FLAKES-compra-segura.png.webp\" class=\"attachment-large size-large wp-image-62\" alt=\"\" srcset=\"https:\/\/ofertas.flakesbrazil.com.br\/wp-content\/uploads\/2024\/03\/FLAKES-compra-segura.png.webp 441w, https:\/\/ofertas.flakesbrazil.com.br\/wp-content\/uploads\/2024\/03\/FLAKES-compra-segura.png-300x21.webp 300w\" sizes=\"(max-width: 441px) 100vw, 441px\" \/>\t\t\t\t\t\t\t\t\t\t\t\t\t\t\t<\/div>\n\t\t\t\t<\/div>\n\t\t\t\t<\/div>\n\t\t\t\t\t<\/div>\n\t\t\t\t<\/div>\n\t\t\t\t<\/div>\n\t\t","protected":false},"excerpt":{"rendered":"<p>Sua compra foi processada, estamos enviando o conte\u00fado em seu e-mail. Todo material ser\u00e1 enviado digitalmente no e-mail de cadastro da compra. Caso n\u00e3o receba o material, olhe a caixa de Spam ou Lixeira, tamb\u00e9m aconselhamos que fa\u00e7a uma busca dentro da sua caixa de entrada com o nome da Plataforma Eduzz e\/ou Nutror, caso [&hellip;]<\/p>\n","protected":false},"author":1,"featured_media":774,"parent":0,"menu_order":0,"comment_status":"closed","ping_status":"closed","template":"elementor_canvas","meta":{"_monsterinsights_skip_tracking":false,"_monsterinsights_sitenote_active":false,"_monsterinsights_sitenote_note":"","_monsterinsights_sitenote_category":0,"footnotes":""},"class_list":["post-1443","page","type-page","status-publish","has-post-thumbnail","hentry"],"_links":{"self":[{"href":"https:\/\/ofertas.flakesbrazil.com.br\/index.php\/wp-json\/wp\/v2\/pages\/1443","targetHints":{"allow":["GET"]}}],"collection":[{"href":"https:\/\/ofertas.flakesbrazil.com.br\/index.php\/wp-json\/wp\/v2\/pages"}],"about":[{"href":"https:\/\/ofertas.flakesbrazil.com.br\/index.php\/wp-json\/wp\/v2\/types\/page"}],"author":[{"embeddable":true,"href":"https:\/\/ofertas.flakesbrazil.com.br\/index.php\/wp-json\/wp\/v2\/users\/1"}],"replies":[{"embeddable":true,"href":"https:\/\/ofertas.flakesbrazil.com.br\/index.php\/wp-json\/wp\/v2\/comments?post=1443"}],"version-history":[{"count":56,"href":"https:\/\/ofertas.flakesbrazil.com.br\/index.php\/wp-json\/wp\/v2\/pages\/1443\/revisions"}],"predecessor-version":[{"id":1507,"href":"https:\/\/ofertas.flakesbrazil.com.br\/index.php\/wp-json\/wp\/v2\/pages\/1443\/revisions\/1507"}],"wp:featuredmedia":[{"embeddable":true,"href":"https:\/\/ofertas.flakesbrazil.com.br\/index.php\/wp-json\/wp\/v2\/media\/774"}],"wp:attachment":[{"href":"https:\/\/ofertas.flakesbrazil.com.br\/index.php\/wp-json\/wp\/v2\/media?parent=1443"}],"curies":[{"name":"wp","href":"https:\/\/api.w.org\/{rel}","templated":true}]}}